9. What is l(4)?
13
Let n(u) = -u**2 + 2*u. Give n(1).
1
Let o(u) = -2*u - 44. What is o(-21)?
-2
Let t(w) = 15*w + 50. Determine t(-3).
5
Let m(p) = -4*p - 38. What is m(-9)?
-2
Let b(p) = 3*p**2 + 3*p - 4. Give b(1).
2
Let g(m) = m**3 + 6*m**2 - 3*m - 9. Determine g(-6).
9
Let g(p) = -9*p + 27. What is g(9)?
-54
Let p(m) = m**2 - 19*m - 12. Give p(19).
-12
Let s(w) = 12*w**2 - 5*w + 7. Determine s(2).
45
Let m(x) = -3*x - 14. What is m(-5)?
1
Let p(h) = 5*h**2 - 5*h + 20. Calculate p(3).
50
Let s(m) = -m**3 - 8*m**2 + 9*m - 7. Give s(-8).
-79
Let z(n) = -21*n + 234. Calculate z(12).
-18
Let b(k) = k**2 - 8*k - 22. Calculate b(11).
11
Let a(l) = l**3 - 5*l**2 - 6*l + 6. Calculate a(5).
-24
Let g(v) = v**3 - 5*v**2 - 128*v + 33. What is g(14)?
5
Let f(b) = b**3 - 4*b**2 + 6*b - 18. Determine f(4).
6
Let i(z) = -z**3 + 3*z**2 + 18*z + 6. Give i(-3).
6
Let z(c) = c**3 - 6*c**2 + c - 8. What is z(6)?
-2
Let c(g) = 52*g - 11. Calculate c(0).
-11
Let y(g) = -g**3 + 5*g**2 + 7*g - 6. Calculate y(6).
0
Let f(o) = -o**2 + o - 10. Calculate f(-7).
-66
Let n(x) = x**3 - 10*x**2 + 3*x - 16. Give n(10).
14
Let z(u) = 28*u**3 - 2*u**2 + 1. Give z(1).
27
Let d(n) = n**2 + n + 15. Give d(-5).
35
Let y(f) = 2*f**3 - 4*f**2 + 2*f + 1. Give y(3).
25
Let l(w) = w**2 - 3*w + 6. What is l(2)?
4
Let i(o) = -o**2 + 14*o - 2. What is i(8)?
46
Let w(g) = -g**3 - 13*g**2 + 34*g + 15. Determine w(-15).
-45
Let t(a) = a**2 + 7*a + 2. Determine t(-8).
10
Let c(t) = t**2 - 9*t - 9. Give c(10).
1
Let t(i) = i**2 - 6*i + 7. Calculate t(4).
-1
Let m(j) = -j**2 + j + 1. What is m(-2)?
-5
Let f(y) = -y**2 + 2*y + 2. Determine f(2).
2
Let h(p) = p**3 + 3*p**2 + 12. Determine h(-5).
-38
Let f(d) = 2*d**2 + 20*d + 11. Determine f(-10).
11
Let u(d) = -d**3 - 5*d**2 - d - 9. Determine u(-5).
-4
Let n(s) = 6*s**2 - s - 2. Give n(-1).
5
Let q(o) = -12*o**2 + o + 2. What is q(2)?
-44
Let o(n) = n**3 + 8*n**2 + 6*n - 4. Calculate o(-5).
41
Let a(r) = r**3 + r**2 - r - 12. Give a(0).
-12
Let x(q) = q**3 + 8*q**2 - 5*q - 13. Determine x(-6).
89
Let a(o) = 2*o**2 + 26*o + 14. Determine a(-11).
-30
Let r(d) = -44*d - 9. What is r(3)?
-141
Let d(x) = x**3 - 7*x**2 - 4*x - 6. Give d(7).
-34
Let d(s) = s**2 + 3*s - 1. Calculate d(-4).
3
Let o(i) = -3*i + 3. Determine o(-6).
21
Let d(i) = -16*i - 3. Give d(-2).
29
Let b(q) = -6*q + 7. What is b(3)?
-11
Let i(o) = -2*o**2 + 4*o + 2. Determine i(-3).
-28
Let h(d) = -3*d**2 - 2*d + 4. Calculate h(1).
-1
Let p(r) = -r + 53. Give p(0).
53
Let a(l) = l**3 + 9*l**2 - 3*l - 26. Calculate a(-9).
1
Let t(p) = 2*p + 37. Give t(-14).
9
Let a(l) = l**2 - 15*l - 12. Give a(15).
-12
Let n(m) = -7*m + 24. Calculate n(3).
3
Let b(i) = -3*i + 42. What is b(11)?
9
Let m(f) = 149*f + 9. Determine m(-1).
-140
Let l(y) = -y**2 + 5*y + 16. What is l(7)?
2
Let g(l) = 2*l**2 + 11*l + 10. Calculate g(-7).
31
Let i(z) = z**3 + 23*z**2 + 43*z - 27. Calculate i(-21).
-48
Let n(g) = -g**3 + 5*g**2 + g. Give n(5).
5
Let k(j) = -j**3 - 12*j**2 - 13*j - 15. Calculate k(-6).
-153
Let w(n) = n**2 + 17*n + 27. Give w(-18).
45
Let h(m) = -m**3 - 7*m**2 - 6*m + 3. Determine h(-6).
3
Let q(v) = -v**2 - 8*v - 6. Give q(-6).
6
Let y(n) = -n**3 - 7*n**2 + 4*n + 16. Determine y(-5).
-54
Let v(k) = 39*k + 7. Give v(-1).
-32
Let x(n) = -5*n - 43. Give x(-11).
12
Let s(p) = -p**3 - 2*p**2 - p. Give s(-1).
0
Let d(u) = u**3 - u**2 - u + 1. What is d(0)?
1
Let w(y) = y**3 - 14*y**2 + 16*y - 26. Give w(13).
13
Let f(t) = -2*t**2 + 4*t - 1. Calculate f(-2).
-17
Let v(r) = r - 2. Determine v(4).
2
Let i(l) = 2*l**3 - 20*l**2 - 16*l - 3. Determine i(11).
63
Let w(j) = -j**2 + 23*j + 59. Calculate w(25).
9
Let t(r) = 12*r + 184. Calculate t(-16).
-8
Let o(i) = 5*i**2 + 25*i + 24. Determine o(-1).
4
Let m(i) = -5*i + 34. Calculate m(7).
-1
Let p(g) = -5*g**2 + 29*g - 2. Calculate p(6).
-8
Let r(q) = q - 2. Give r(0).
-2
Let n(r) = 22*r**2 - r + 1. Calculate n(1).
22
Let x(z) = z**2 + 7*z - 2. Calculate x(-2).
-12
Let d(t) = -t**3 + 2*t - 63. Give d(0).
-63
Let q(b) = b**2 - 19*b - 68. Determine q(21).
-26
Let t(r) = -8*r + 67. Determine t(8).
3
Let b(m) = -m**3 + 19*m**2 - 37*m + 41. Give b(17).
-10
Let n(j) = -j**3 + j**2 + 2*j + 1. Determine n(2).
1
Let r(v) = v**3 - 7*v**2 + v + 4. Determine r(6).
-26
Let d(v) = 12*v - 36. Determine d(-13).
-192
Let z(x) = x**3 + 8*x**2 - 7*x + 3. Give z(-9).
-15
Let u(g) = -10*g - 16. Calculate u(-7).
54
Let n(m) = m**3 - 18*m**2 + m - 9. What is n(18)?
9
Let o(s) = -s**3 - s**2 + 6*s. Give o(-3).
0
Let s(d) = 3*d - 1. Determine s(3).
8
Let q(a) = 8*a**2 - 4*a - 4. What is q(1)?
0
Let t(w) = 54*w + 38. What is t(-3)?
-124
Let h(c) = -17*c**2 - 3*c + 1. Give h(1).
-19
Let r(l) = -2*l**3 + l**2 + 2*l + 7. Calculate r(0).
7
Let y(a) = a**3 + 7*a**2 + 8*a - 2. Calculate y(-6).
-14
Let n(k) = 7*k**2 + k + 6. Give n(-2).
32
Let u(m) = m**3 + 10*m**2 + 11*m + 3. Determine u(-9).
-15
Let l(b) = 3*b + 91. Give l(-28).
7
Let n(d) = 3*d + 12. Give n(-4).
0
Let u(p) = -67*p - 269. Calculate u(-4).
-1
Let d(f) = -f - 17. What is d(-20)?
3
Let m(j) = j**2 - 15*j + 62. Determine m(6).
8
Let s(w) = 14*w + 6. Determine s(2).
34
Let p(n) = -3*n**2 + 123*n + 132. Give p(42).
6
Let s(n) = -2*n**2 + 11*n + 17. What is s(8)?
-23
Let c(d) = d - 9. Determine c(12).
3
Let v(r) = 2*r**3 - 5*r**2 - 5. Give v(4).
43
Let s(h) = -h**3 + 11*h**2 + 14*h - 22. Give s(12).
2
Let k(f) = f**3 + 10*f**2 - 57*f - 8. What is k(-14)?
6
Let o(b) = b**2 + 16*b - 7. Give o(-16).
-7
Let l(q) = 10*q**3 - 2*q**2 + q + 2. What is l(-1)?
-11
Let r(p) = -p**3 - 9*p**2 + 6*p + 8. Give r(-9).
-46
Let y(n) = n**3 - 14*n**2 + 41*n + 15. Determine y(11).
103
Let v(g) = -7*g - 44. Give v(-6).
-2
Let s(c) = -17*c**3 - c**2 - 2*c - 2. Determine s(-1).
16
Let w(s) = -5*s - 23. What is w(-7)?
12
Let x(p) = -5*p + 43. Determine x(12).
-17
Let x(t) = 16*t**2 + 79*t + 5. Calculate x(-5).
10
Let m(r) = -r**2 + 8*r + 19. What is m(13)?
-46
Let f(z) = -43*z + 3. What is f(1)?
-40
Let w(j) = j**3 + 10*j**2 + 12*j + 5. Give w(-8).
37
Let l(m) = 18*m + 12. Give l(-6).
-96
Let s(d) = d**3 + 5*d**2 + 3*d - 15. Determine s(0).
-15
Let a(u) = -u**2 + 47*u - 393. Give a(12).
27
Let h(v) = v - 16. Give h(6).
-10
Let h(d) = -d**2 - 17*d - 9. Give h(-16).
7
Let p(f) = -4*f + 14. Calculate p(4).
-2
Let c(w) = w**2 - 22*w - 5. What is c(22)?
-5
Let q(d) = -19*d - 205. Give q(-11).
4
Let v(a) = 14*a**2 + a + 1. Give v(-1).
14
Let k(l) = -l**3 - 4*l**2 + 2*l + 6. What is k(-5)?
21
Let c(k) = k**3 - 5*k**2 - 7*k - 11. Give c(6).
-17
Let a(j) = -j**2 + 14. Give a(-7).
-35
Let g(c) = -c**2 - 5*c + 1. What is g(-7)?
-13
Let w(i) = i**3 - 8*i**2 - 2*i + 30. Give w(9).
93
Let o(k) = 8*k - 84. Determine o(25).
116
Let q(c) = c**3 + 13*c**2 + 11*c - 9. Determine q(-12).
3
Let a(h) = -12*h - 69. Give a(-4).
-21
Let w(z) = -z - 24. Determine w(-21).
-3
Let k(u) = -2*u**2 - 34*u + 66. What is k(-19)?
-10
Let l(q) = 2*q**3 - 14*q**2 - 19*q + 2. Give l(8).
-22
Let l(u) = u**3 - 6*u**2 - 8. Determine l(6).
-8
Let k(c) = c**3 + 20*c**2 - 12*c + 185. Give k(-21).
-4
Let a(n) = -2*n**3 + n**2 - 3*n - 13. Calculate a(0).
-13
Let o(w) = -3*w**3 - 43*w**2 - 12*w + 27. Give o(-14).
-1
Let d(x) = -2*x**2 - 34*x - 2. Determine d(-17).
-2
Let y(l) = 13*l - 775. Give y(59).
-8
Let p(j) = 6*j**3 + 2*j**2 - 6*j + 5. Determine p(1).
7
Let a(u) = u**3 + 3*u**2 - u + 3. Calculate a(-4).
-9
Let g(c) = c**2 + 50. Calculate g(0).
50
Let h(l) = l**2 + 9*l + 20. What is h(-8)?
12
Let r(o) = o**3 + 16*o**2 - 15*o + 40. Calculate r(-17).
6
Let c(y) = -y**3 + 7*y**2 + 29*y - 210. What is c(7)?
-7
Let a(q) = 4*q**3 + 14*q**2 - 6*q + 9. Calculate a(-4).
1
Let o(b) = -3*b + 24. What is o(0)?
24
Let l(j) = 2*j**2 - 39*j - 74. Determine l(21).
-11
Let r(g) = -18*g + 21. Determine r(6).
-87
Let b(h) = h**3 + 17*h**2 + 69*h - 29. Give b(-8).
-5
Let s(w) = w**2 - 3*w + 2. Calculate s(3).
2
Let r(q) = -4*q**3 + 219*q**2 + 56*q - 73. What is r(55)?
-18
Let n(i) = i - 35. What is n(15)?
-20
Let a(n) = -3*n**2 - 5*n + 3. Calculate a(-4).
-25
Let s(q) = 3*q**3 - 6*q**2 + q - 4. Give s(4).
96
Let v(p) = -214*p + 422. Give v(2).
-6
Let d(t) = 46*t - 816. What is d(18)?
12
Let u(l) = 4*l - 2. Calculate u(-8).
-34
Let i(c) = 13*c + 69. Determine i(-6).
-9
Let h(r) = 15*r + 68. Give h(-4)